{"id":5602,"date":"2022-01-05T20:36:43","date_gmt":"2022-01-05T19:36:43","guid":{"rendered":"https:\/\/mairie-curienne.fr\/?page_id=5602"},"modified":"2022-01-05T20:36:59","modified_gmt":"2022-01-05T19:36:59","slug":"mediation-et-conciliation","status":"publish","type":"page","link":"https:\/\/mairie-curienne.fr\/index.php\/mediation-et-conciliation\/","title":{"rendered":"M\u00e9diation et conciliation"},"content":{"rendered":"\t\t<div data-elementor-type=\"wp-page\" data-elementor-id=\"5602\" class=\"elementor elementor-5602\">\n\t\t\t\t\t\t<div class=\"elementor-inner\">\n\t\t\t\t<div class=\"elementor-section-wrap\">\n\t\t\t\t\t\t\t\t\t<section class=\"elementor-section elementor-top-section elementor-element elementor-element-5475418 elementor-section-boxed elementor-section-height-default elementor-section-height-default\" data-id=\"5475418\" data-element_type=\"section\">\n\t\t\t\t\t\t<div class=\"elementor-container elementor-column-gap-default\">\n\t\t\t\t\t\t\t<div class=\"elementor-row\">\n\t\t\t\t\t<div class=\"elementor-column elementor-col-100 elementor-top-column elementor-element elementor-element-3b2e858\" data-id=\"3b2e858\" data-element_type=\"column\">\n\t\t\t<div class=\"elementor-column-wrap elementor-element-populated\">\n\t\t\t\t\t\t\t<div class=\"elementor-widget-wrap\">\n\t\t\t\t\t\t<div class=\"elementor-element elementor-element-2079d69 elementor-widget elementor-widget-text-editor\" data-id=\"2079d69\" data-element_type=\"widget\" data-widget_type=\"text-editor.default\">\n\t\t\t\t<div class=\"elementor-widget-container\">\n\t\t\t\t\t\t\t\t<div class=\"elementor-text-editor elementor-clearfix\">\n\t\t\t\t<p><strong>Mission<\/strong> : Le conciliateur a pour mission de r\u00e9gler \u00e0 l&rsquo;amiable les diff\u00e9rends portant sur les droits dont les int\u00e9ress\u00e9s ont la libre disposition et dont l&rsquo;importance ne justifie pas n\u00e9cessairement l&rsquo;engagement d&rsquo;un proc\u00e8s. Il recherche un accord amiable entre les parties.<\/p><p>Son action concerne essentiellement des conflits individuels entre particuliers, avec les entreprises ou les artisans : troubles du voisinage, impay\u00e9s, malfa\u00e7ons, litiges de consommation, probl\u00e8mes locatifs&#8230;<\/p><p><strong>Modalit\u00e9s<\/strong> : Nous rappelons que cette consultation est une mission de service public effectu\u00e9e par des personnes b\u00e9n\u00e9voles et qu&rsquo;elle est <strong>gratuite<\/strong>.<\/p><p><strong>Permanences<\/strong> : Pour\u00a0<span style=\"color: var( --e-global-color-text ); font-family: var( --e-global-typography-text-font-family ), Sans-serif; font-weight: var( --e-global-typography-text-font-weight ); letter-spacing: 0px;\">le 1<\/span><span style=\"color: var( --e-global-color-text ); font-family: var( --e-global-typography-text-font-family ), Sans-serif; font-weight: var( --e-global-typography-text-font-weight ); letter-spacing: 0px; position: relative; font-size: 12.75px; line-height: 0; vertical-align: baseline; top: -0.5em;\">er<\/span><span style=\"color: var( --e-global-color-text ); font-family: var( --e-global-typography-text-font-family ), Sans-serif; font-weight: var( --e-global-typography-text-font-weight ); letter-spacing: 0px;\">\u00a0<\/span><span style=\"color: var( --e-global-color-text ); font-family: var( --e-global-typography-text-font-family ), Sans-serif; font-weight: var( --e-global-typography-text-font-weight ); letter-spacing: 0px;\">semestre 2022 c&rsquo;est\u00a0<\/span><span style=\"color: var( --e-global-color-text ); font-family: var( --e-global-typography-text-font-family ), Sans-serif; font-weight: var( --e-global-typography-text-font-weight ); letter-spacing: 0px;\">conciliateur Monsieur <\/span><strong style=\"color: var( --e-global-color-text ); font-family: var( --e-global-typography-text-font-family ), Sans-serif; letter-spacing: 0px;\">ALLANEAU<\/strong><span style=\"color: var( --e-global-color-text ); font-family: var( --e-global-typography-text-font-family ), Sans-serif; font-weight: var( --e-global-typography-text-font-weight ); letter-spacing: 0px;\">\u00a0<\/span><span style=\"color: var( --e-global-color-text ); font-family: var( --e-global-typography-text-font-family ), Sans-serif; font-weight: var( --e-global-typography-text-font-weight ); letter-spacing: 0px;\">qui assure les permances qui ont lieu de <\/span><strong style=\"color: var( --e-global-color-text ); font-family: var( --e-global-typography-text-font-family ), Sans-serif; letter-spacing: 0px;\">14h<\/strong><span style=\"color: var( --e-global-color-text ); font-family: var( --e-global-typography-text-font-family ), Sans-serif; font-weight: var( --e-global-typography-text-font-weight ); letter-spacing: 0px;\"> \u00e0 <\/span><strong style=\"color: var( --e-global-color-text ); font-family: var( --e-global-typography-text-font-family ), Sans-serif; letter-spacing: 0px;\">18h<\/strong><span style=\"color: var( --e-global-color-text ); font-family: var( --e-global-typography-text-font-family ), Sans-serif; font-weight: var( --e-global-typography-text-font-weight ); letter-spacing: 0px;\"> les mercredis suivants :<\/span><\/p><ul><li>26 janvier<\/li><li>16 f\u00e9vrier<\/li><li>16 mars<\/li><li>13 avril<\/li><li>18 mai<\/li><li>15 juin<\/li><\/ul><p>Les cr\u00e9neaux horaires des rendez-vous avec le conciliateur se prennent en <strong>mairie de Saint-Alban-Leysse<\/strong>, pendant les horaires d\u2019ouverture avec le num\u00e9ro de t\u00e9l\u00e9phone suivant :<\/p>\t\t\t\t\t<\/div>\n\t\t\t\t\t\t<\/div>\n\t\t\t\t<\/div>\n\t\t\t\t<div class=\"elementor-element elementor-element-541642b elementor-widget-tablet__width-inherit elementor-widget elementor-widget-ova_contact_info\" data-id=\"541642b\" data-element_type=\"widget\" data-widget_type=\"ova_contact_info.default\">\n\t\t\t\t<div class=\"elementor-widget-container\">\n\t\t\t\t\t<div class=\"ova-contact-info type1\">\n\n\t\t\t<div class=\"icon\">\n\t\t\t\t<i class=\"fas fa-phone\"><\/i>\t\t\t<\/div>\n\n\t\t\t\t\t\t\t<div class=\"address\">\n\t\t\t\t\t\t\t\t\t\t\t\t\t\t\t<span class=\"text_link\"><a href='tel:+334 79 33 13 57'>T\u00e9l\u00e9phone : <span>04 79 33 13 57<\/span><\/a><\/span>\n\t\t\t\t<\/div>\n\t\t\t\t\t\t\n\t\t<\/div>\n\t\t\t\t<\/div>\n\t\t\t\t<\/div>\n\t\t\t\t<div class=\"elementor-element elementor-element-e0f004b elementor-widget elementor-widget-heading\" data-id=\"e0f004b\" data-element_type=\"widget\" data-widget_type=\"heading.default\">\n\t\t\t\t<div class=\"elementor-widget-container\">\n\t\t\t<h2 class=\"elementor-heading-title elementor-size-default\">Mairie de Saint-Alban-Leysse<\/h2>\t\t<\/div>\n\t\t\t\t<\/div>\n\t\t\t\t<div class=\"elementor-element elementor-element-c11c264 elementor-widget elementor-widget-text-editor\" data-id=\"c11c264\" data-element_type=\"widget\" data-widget_type=\"text-editor.default\">\n\t\t\t\t<div class=\"elementor-widget-container\">\n\t\t\t\t\t\t\t\t<div class=\"elementor-text-editor elementor-clearfix\">\n\t\t\t\t<p>Horaires d\u2019ouverture de la mairie de Saint-Alban-Leysse :<\/p><ul><li>Lundi :\u00a0<span style=\"font-weight: bolder;\">14h<\/span>\u00a0\u00e0\u00a0<span style=\"font-weight: bolder;\">17h45<\/span><\/li><li>Mardi:\u00a0<span style=\"font-weight: bolder;\">9h<\/span>\u00a0\u00e0\u00a0<span style=\"font-weight: bolder;\">12h<\/span>\u00a0\/\u00a0<span style=\"font-weight: bolder;\">15h<\/span>\u00a0\u00e0\u00a0<span style=\"font-weight: bolder;\">17h45<\/span><\/li><li>Mercredi et samedi :\u00a0<span style=\"font-weight: bolder;\">9h<\/span>\u00a0\u00e0\u00a0<span style=\"font-weight: bolder;\">12h<\/span><\/li><li>Jeudi :\u00a0<span style=\"font-weight: bolder;\">9h30<\/span>\u00a0\u00e0\u00a0<span style=\"font-weight: bolder;\">12h<\/span>\u00a0\/\u00a0<span style=\"font-weight: bolder;\">15h<\/span>\u00a0\u00e0\u00a0<span style=\"font-weight: bolder;\">17h45<\/span><\/li><li>Vendredi :\u00a0<span style=\"font-weight: bolder;\">9h<\/span>\u00a0\u00e0\u00a0<span style=\"font-weight: bolder;\">12h<\/span>\u00a0\/\u00a0<span style=\"font-weight: bolder;\">15h<\/span>\u00a0\u00e0\u00a0<span style=\"font-weight: bolder;\">17h45<\/span><\/li><\/ul><p><span style=\"font-weight: bolder;\">Mairie de Saint-Alban-Leysse<\/span><br \/>120 Avenue de la Mairie<br \/>73230 Saint-Alban-Leysse<\/p>\t\t\t\t\t<\/div>\n\t\t\t\t\t\t<\/div>\n\t\t\t\t<\/div>\n\t\t\t\t<div class=\"elementor-element elementor-element-1032b88 elementor-widget-tablet__width-inherit elementor-widget elementor-widget-ova_contact_info\" data-id=\"1032b88\" data-element_type=\"widget\" data-widget_type=\"ova_contact_info.default\">\n\t\t\t\t<div class=\"elementor-widget-container\">\n\t\t\t\t\t<div class=\"ova-contact-info type1\">\n\n\t\t\t<div class=\"icon\">\n\t\t\t\t<i class=\"fas fa-phone\"><\/i>\t\t\t<\/div>\n\n\t\t\t\t\t\t\t<div class=\"address\">\n\t\t\t\t\t\t\t\t\t\t\t\t\t\t\t<span class=\"text_link\"><a href='tel:+334 79 33 14 51'>T\u00e9l\u00e9phone : <span>04 79 33 14 51<\/span><\/a><\/span>\n\t\t\t\t<\/div>\n\t\t\t\t\t\t\n\t\t<\/div>\n\t\t\t\t<\/div>\n\t\t\t\t<\/div>\n\t\t\t\t<div class=\"elementor-element elementor-element-01c1641 elementor-widget-tablet__width-inherit elementor-widget elementor-widget-ova_contact_info\" data-id=\"01c1641\" data-element_type=\"widget\" data-widget_type=\"ova_contact_info.default\">\n\t\t\t\t<div class=\"elementor-widget-container\">\n\t\t\t\t\t<div class=\"ova-contact-info type1\">\n\n\t\t\t<div class=\"icon\">\n\t\t\t\t<i class=\"fas fa-envelope\"><\/i>\t\t\t<\/div>\n\n\t\t\t\t\t\t\t<div class=\"address\">\n\t\t\t\t\t\t\t\t\t\t\t\t\t\t\t<span class=\"text_link\"><a href='mailto:mairie@saintalbanleysse.fr'>Email : <span>mairie@saintalbanleysse.fr<\/span><\/a><\/span>\n\t\t\t\t<\/div>\n\t\t\t\t\t\t\n\t\t<\/div>\n\t\t\t\t<\/div>\n\t\t\t\t<\/div>\n\t\t\t\t<div class=\"elementor-element elementor-element-397dac8 elementor-widget elementor-widget-heading\" data-id=\"397dac8\" data-element_type=\"widget\" data-widget_type=\"heading.default\">\n\t\t\t\t<div class=\"elementor-widget-container\">\n\t\t\t<h2 class=\"elementor-heading-title elementor-size-default\">Documents et liens externes<\/h2>\t\t<\/div>\n\t\t\t\t<\/div>\n\t\t\t\t<div class=\"elementor-element elementor-element-5fe0c4c elementor-widget elementor-widget-text-editor\" data-id=\"5fe0c4c\" data-element_type=\"widget\" data-widget_type=\"text-editor.default\">\n\t\t\t\t<div class=\"elementor-widget-container\">\n\t\t\t\t\t\t\t\t<div class=\"elementor-text-editor elementor-clearfix\">\n\t\t\t\t<ul><li><a href=\"https:\/\/mairie-curienne.fr\/wp-content\/uploads\/2020\/07\/Udaf73_Flyer_MFA.pdf\">Document sur la M\u00e9diation Familiale Aidant-Aid\u00e9<\/a><\/li><li><a href=\"http:\/\/www.cdad-savoie.justice.fr\/le-guide-d-acces-au-droit\/acces-thematique\/conciliateur-de-justice-saint-alban-leysse_i296.html\">Informations du conciliateur de justice du canton de Saint-Alban Leysse<\/a><\/li><li><a href=\"https:\/\/www.service-public.fr\/particuliers\/vosdroits\/F1736\">Informations du conciliateur de justice du site service-public.fr<\/a><\/li><\/ul>\t\t\t\t\t<\/div>\n\t\t\t\t\t\t<\/div>\n\t\t\t\t<\/div>\n\t\t\t\t\t\t<\/div>\n\t\t\t\t\t<\/div>\n\t\t<\/div>\n\t\t\t\t\t\t\t\t<\/div>\n\t\t\t\t\t<\/div>\n\t\t<\/section>\n\t\t\t\t\t\t\t\t\t<\/div>\n\t\t\t<\/div>\n\t\t\t\t\t<\/div>\n\t\t","protected":false},"excerpt":{"rendered":"<p>Mission : Le conciliateur a pour mission de r\u00e9gler \u00e0 l&rsquo;amiable les diff\u00e9rends portant sur les droits dont les int\u00e9ress\u00e9s ont la libre disposition et dont l&rsquo;importance ne justifie pas n\u00e9cessairement l&rsquo;engagement d&rsquo;un proc\u00e8s. Il recherche un accord amiable entre les parties. Son action concerne essentiellement des conflits individuels entre particuliers, avec les entreprises ou [&hellip;]<\/p>\n","protected":false},"author":2,"featured_media":0,"parent":0,"menu_order":0,"comment_status":"closed","ping_status":"closed","template":"","meta":[],"_links":{"self":[{"href":"https:\/\/mairie-curienne.fr\/index.php\/wp-json\/wp\/v2\/pages\/5602"}],"collection":[{"href":"https:\/\/mairie-curienne.fr\/index.php\/wp-json\/wp\/v2\/pages"}],"about":[{"href":"https:\/\/mairie-curienne.fr\/index.php\/wp-json\/wp\/v2\/types\/page"}],"author":[{"embeddable":true,"href":"https:\/\/mairie-curienne.fr\/index.php\/wp-json\/wp\/v2\/users\/2"}],"replies":[{"embeddable":true,"href":"https:\/\/mairie-curienne.fr\/index.php\/wp-json\/wp\/v2\/comments?post=5602"}],"version-history":[{"count":37,"href":"https:\/\/mairie-curienne.fr\/index.php\/wp-json\/wp\/v2\/pages\/5602\/revisions"}],"predecessor-version":[{"id":5640,"href":"https:\/\/mairie-curienne.fr\/index.php\/wp-json\/wp\/v2\/pages\/5602\/revisions\/5640"}],"wp:attachment":[{"href":"https:\/\/mairie-curienne.fr\/index.php\/wp-json\/wp\/v2\/media?parent=5602"}],"curies":[{"name":"wp","href":"https:\/\/api.w.org\/{rel}","templated":true}]}}