{"id":3972,"date":"2021-04-26T10:32:52","date_gmt":"2021-04-26T08:32:52","guid":{"rendered":"https:\/\/projet.mairie-curienne.fr\/?page_id=3972"},"modified":"2021-05-21T16:41:42","modified_gmt":"2021-05-21T14:41:42","slug":"location-de-terrains-agricoles","status":"publish","type":"page","link":"https:\/\/mairie-curienne.fr\/index.php\/location-de-terrains-agricoles\/","title":{"rendered":"Location de terrains agricoles"},"content":{"rendered":"\t\t<div data-elementor-type=\"wp-page\" data-elementor-id=\"3972\" class=\"elementor elementor-3972\">\n\t\t\t\t\t\t<div class=\"elementor-inner\">\n\t\t\t\t<div class=\"elementor-section-wrap\">\n\t\t\t\t\t\t\t\t\t<section class=\"elementor-section elementor-top-section elementor-element elementor-element-1a6927c elementor-section-boxed elementor-section-height-default elementor-section-height-default\" data-id=\"1a6927c\" data-element_type=\"section\">\n\t\t\t\t\t\t<div class=\"elementor-container elementor-column-gap-default\">\n\t\t\t\t\t\t\t<div class=\"elementor-row\">\n\t\t\t\t\t<div class=\"elementor-column elementor-col-100 elementor-top-column elementor-element elementor-element-1e87f9b\" data-id=\"1e87f9b\" data-element_type=\"column\">\n\t\t\t<div class=\"elementor-column-wrap elementor-element-populated\">\n\t\t\t\t\t\t\t<div class=\"elementor-widget-wrap\">\n\t\t\t\t\t\t<div class=\"elementor-element elementor-element-82db710 elementor-widget elementor-widget-text-editor\" data-id=\"82db710\" data-element_type=\"widget\" data-widget_type=\"text-editor.default\">\n\t\t\t\t<div class=\"elementor-widget-container\">\n\t\t\t\t\t\t\t\t<div class=\"elementor-text-editor elementor-clearfix\">\n\t\t\t\t<p>La commune de Curienne a proc\u00e9d\u00e9 \u00e0 l\u2019\u00e9tat des lieux et la planification des terrains agricoles disponibles sur la commune.<\/p><p>Dans ce cadre, la municipalit\u00e9 souhaite d\u00e9velopper l\u2019utilisation pour une exploitation professionnelle ou familiale des terrains disponibles par les habitants.<\/p><p>Vous souhaitez :<\/p><ul><li>Disposer d\u2019un jardin ?<\/li><li>D\u2019une parcelle \u00e0 exploiter ?<\/li><li>Cr\u00e9er une exploitation agricole sur le village ?<\/li><\/ul><p>Prenez rendez-vous avec <strong>Patricia Rastello<\/strong>, adjointe en charge des questions li\u00e9es \u00e0 l\u2019agriculture et la vie association pour aborder votre projet, vos besoins et les disponibilit\u00e9s fonci\u00e8res.<\/p><p>A titre d\u2019information, la municipalit\u00e9 met \u00e0 ce jour \u00e0 disposition des parcelles \u00e0 destination de l\u2019entretien forestier (coupe de bois familial), de jardins partag\u00e9s, de baux sardes, et de baux ruraux aux exploitants.<\/p>\t\t\t\t\t<\/div>\n\t\t\t\t\t\t<\/div>\n\t\t\t\t<\/div>\n\t\t\t\t<div class=\"elementor-element elementor-element-41dd176 elementor-widget-tablet__width-inherit elementor-widget elementor-widget-ova_contact_info\" data-id=\"41dd176\" data-element_type=\"widget\" data-widget_type=\"ova_contact_info.default\">\n\t\t\t\t<div class=\"elementor-widget-container\">\n\t\t\t\t\t<div class=\"ova-contact-info type1\">\n\n\t\t\t<div class=\"icon\">\n\t\t\t\t<i class=\"fas fa-envelope\"><\/i>\t\t\t<\/div>\n\n\t\t\t\t\t\t\t<div class=\"address\">\n\t\t\t\t\t\t\t\t\t\t\t\t\t\t\t<span class=\"text_link\"><a href='mailto:p.rastello@mairie-curienne.fr'>Email : <span>p.rastello@mairie-curienne.fr<\/span><\/a><\/span>\n\t\t\t\t<\/div>\n\t\t\t\t\t\t\n\t\t<\/div>\n\t\t\t\t<\/div>\n\t\t\t\t<\/div>\n\t\t\t\t\t\t<\/div>\n\t\t\t\t\t<\/div>\n\t\t<\/div>\n\t\t\t\t\t\t\t\t<\/div>\n\t\t\t\t\t<\/div>\n\t\t<\/section>\n\t\t\t\t\t\t\t\t\t<\/div>\n\t\t\t<\/div>\n\t\t\t\t\t<\/div>\n\t\t","protected":false},"excerpt":{"rendered":"<p>La commune de Curienne a proc\u00e9d\u00e9 \u00e0 l\u2019\u00e9tat des lieux et la planification des terrains agricoles disponibles sur la commune. Dans ce cadre, la municipalit\u00e9 souhaite d\u00e9velopper l\u2019utilisation pour une exploitation professionnelle ou familiale des terrains disponibles par les habitants. Vous souhaitez : Disposer d\u2019un jardin ? D\u2019une parcelle \u00e0 exploiter ? Cr\u00e9er une exploitation [&hellip;]<\/p>\n","protected":false},"author":2,"featured_media":0,"parent":0,"menu_order":0,"comment_status":"closed","ping_status":"closed","template":"","meta":[],"_links":{"self":[{"href":"https:\/\/mairie-curienne.fr\/index.php\/wp-json\/wp\/v2\/pages\/3972"}],"collection":[{"href":"https:\/\/mairie-curienne.fr\/index.php\/wp-json\/wp\/v2\/pages"}],"about":[{"href":"https:\/\/mairie-curienne.fr\/index.php\/wp-json\/wp\/v2\/types\/page"}],"author":[{"embeddable":true,"href":"https:\/\/mairie-curienne.fr\/index.php\/wp-json\/wp\/v2\/users\/2"}],"replies":[{"embeddable":true,"href":"https:\/\/mairie-curienne.fr\/index.php\/wp-json\/wp\/v2\/comments?post=3972"}],"version-history":[{"count":10,"href":"https:\/\/mairie-curienne.fr\/index.php\/wp-json\/wp\/v2\/pages\/3972\/revisions"}],"predecessor-version":[{"id":4691,"href":"https:\/\/mairie-curienne.fr\/index.php\/wp-json\/wp\/v2\/pages\/3972\/revisions\/4691"}],"wp:attachment":[{"href":"https:\/\/mairie-curienne.fr\/index.php\/wp-json\/wp\/v2\/media?parent=3972"}],"curies":[{"name":"wp","href":"https:\/\/api.w.org\/{rel}","templated":true}]}}