{"id":3955,"date":"2021-04-26T10:26:09","date_gmt":"2021-04-26T08:26:09","guid":{"rendered":"https:\/\/projet.mairie-curienne.fr\/?page_id=3955"},"modified":"2021-04-26T10:32:02","modified_gmt":"2021-04-26T08:32:02","slug":"inscription-sur-les-listes-electorales","status":"publish","type":"page","link":"https:\/\/mairie-curienne.fr\/index.php\/inscription-sur-les-listes-electorales\/","title":{"rendered":"Inscription sur les listes \u00e9lectorales"},"content":{"rendered":"\t\t<div data-elementor-type=\"wp-page\" data-elementor-id=\"3955\" class=\"elementor elementor-3955\">\n\t\t\t\t\t\t<div class=\"elementor-inner\">\n\t\t\t\t<div class=\"elementor-section-wrap\">\n\t\t\t\t\t\t\t\t\t<section class=\"elementor-section elementor-top-section elementor-element elementor-element-646de3c elementor-section-boxed elementor-section-height-default elementor-section-height-default\" data-id=\"646de3c\" data-element_type=\"section\">\n\t\t\t\t\t\t<div class=\"elementor-container elementor-column-gap-default\">\n\t\t\t\t\t\t\t<div class=\"elementor-row\">\n\t\t\t\t\t<div class=\"elementor-column elementor-col-100 elementor-top-column elementor-element elementor-element-c251004\" data-id=\"c251004\" data-element_type=\"column\">\n\t\t\t<div class=\"elementor-column-wrap elementor-element-populated\">\n\t\t\t\t\t\t\t<div class=\"elementor-widget-wrap\">\n\t\t\t\t\t\t<div class=\"elementor-element elementor-element-bd75a23 elementor-widget elementor-widget-heading\" data-id=\"bd75a23\" data-element_type=\"widget\" data-widget_type=\"heading.default\">\n\t\t\t\t<div class=\"elementor-widget-container\">\n\t\t\t<h2 class=\"elementor-heading-title elementor-size-default\">Nouvelle inscription<\/h2>\t\t<\/div>\n\t\t\t\t<\/div>\n\t\t\t\t<div class=\"elementor-element elementor-element-21f604b elementor-widget elementor-widget-text-editor\" data-id=\"21f604b\" data-element_type=\"widget\" data-widget_type=\"text-editor.default\">\n\t\t\t\t<div class=\"elementor-widget-container\">\n\t\t\t\t\t\t\t\t<div class=\"elementor-text-editor elementor-clearfix\">\n\t\t\t\t<p>Les \u00e9lecteurs peuvent d\u00e9sormais s&rsquo;inscrire sur les listes \u00e9lectorales :<\/p><ul><li>Soit directement via le site internet : <a href=\"https:\/\/www.demarches.interieur.gouv.fr\/\">https:\/\/www.demarches.interieur.gouv.fr\/<\/a><\/li><li>Soit en se pr\u00e9sentant directement en mairie munis :<ul><li>De leur carte d&rsquo;identit\u00e9<\/li><li>D&rsquo;un justificatif de domicile de moins de 3 mois.<\/li><\/ul><\/li><\/ul>\t\t\t\t\t<\/div>\n\t\t\t\t\t\t<\/div>\n\t\t\t\t<\/div>\n\t\t\t\t<div class=\"elementor-element elementor-element-117c131 elementor-widget elementor-widget-heading\" data-id=\"117c131\" data-element_type=\"widget\" data-widget_type=\"heading.default\">\n\t\t\t\t<div class=\"elementor-widget-container\">\n\t\t\t<h2 class=\"elementor-heading-title elementor-size-default\">\u00c9lecteurs d\u00e9j\u00e0 inscrits<\/h2>\t\t<\/div>\n\t\t\t\t<\/div>\n\t\t\t\t<div class=\"elementor-element elementor-element-47a4d6e elementor-widget elementor-widget-text-editor\" data-id=\"47a4d6e\" data-element_type=\"widget\" data-widget_type=\"text-editor.default\">\n\t\t\t\t<div class=\"elementor-widget-container\">\n\t\t\t\t\t\t\t\t<div class=\"elementor-text-editor elementor-clearfix\">\n\t\t\t\t<p>En 2019, tous les inscrits sur les listes \u00e9lectorales ont re\u00e7u une nouvelle carte.<\/p><p>La mise en place du R\u00e9pertoire \u00c9lectoral Unique ayant entra\u00een\u00e9 de nombreuses anomalies dans les inscriptions, nous invitons tous les \u00e9lecteurs \u00e0 v\u00e9rifier leurs inscriptions ainsi que les informations d&rsquo;\u00e9tat-civil figurant sur leurs cartes d&rsquo;\u00e9lecteur.<\/p><p><strong>Important : En cas d&rsquo;erreur ou de doute sur l&rsquo;inscription, merci de prendre contact le plus rapidement possible avec la mairie.<\/strong><\/p>\t\t\t\t\t<\/div>\n\t\t\t\t\t\t<\/div>\n\t\t\t\t<\/div>\n\t\t\t\t\t\t<\/div>\n\t\t\t\t\t<\/div>\n\t\t<\/div>\n\t\t\t\t\t\t\t\t<\/div>\n\t\t\t\t\t<\/div>\n\t\t<\/section>\n\t\t\t\t\t\t\t\t\t<\/div>\n\t\t\t<\/div>\n\t\t\t\t\t<\/div>\n\t\t","protected":false},"excerpt":{"rendered":"<p>Nouvelle inscription Les \u00e9lecteurs peuvent d\u00e9sormais s&rsquo;inscrire sur les listes \u00e9lectorales : Soit directement via le site internet : https:\/\/www.demarches.interieur.gouv.fr\/ Soit en se pr\u00e9sentant directement en mairie munis : De leur carte d&rsquo;identit\u00e9 D&rsquo;un justificatif de domicile de moins de 3 mois. \u00c9lecteurs d\u00e9j\u00e0 inscrits En 2019, tous les inscrits sur les listes \u00e9lectorales ont [&hellip;]<\/p>\n","protected":false},"author":2,"featured_media":0,"parent":0,"menu_order":0,"comment_status":"closed","ping_status":"closed","template":"","meta":[],"_links":{"self":[{"href":"https:\/\/mairie-curienne.fr\/index.php\/wp-json\/wp\/v2\/pages\/3955"}],"collection":[{"href":"https:\/\/mairie-curienne.fr\/index.php\/wp-json\/wp\/v2\/pages"}],"about":[{"href":"https:\/\/mairie-curienne.fr\/index.php\/wp-json\/wp\/v2\/types\/page"}],"author":[{"embeddable":true,"href":"https:\/\/mairie-curienne.fr\/index.php\/wp-json\/wp\/v2\/users\/2"}],"replies":[{"embeddable":true,"href":"https:\/\/mairie-curienne.fr\/index.php\/wp-json\/wp\/v2\/comments?post=3955"}],"version-history":[{"count":13,"href":"https:\/\/mairie-curienne.fr\/index.php\/wp-json\/wp\/v2\/pages\/3955\/revisions"}],"predecessor-version":[{"id":3971,"href":"https:\/\/mairie-curienne.fr\/index.php\/wp-json\/wp\/v2\/pages\/3955\/revisions\/3971"}],"wp:attachment":[{"href":"https:\/\/mairie-curienne.fr\/index.php\/wp-json\/wp\/v2\/media?parent=3955"}],"curies":[{"name":"wp","href":"https:\/\/api.w.org\/{rel}","templated":true}]}}

Inscription sur les listes électorales

<div data-elementor-type="wp-page" data-elementor-id="3955" class="elementor elementor-3955">
						<div class="elementor-inner">
				<div class="elementor-section-wrap">
									<section class="elementor-section elementor-top-section elementor-element elementor-element-646de3c elementor-section-boxed elementor-section-height-default elementor-section-height-default" data-id="646de3c" data-element_type="section">
						<div class="elementor-container elementor-column-gap-default">
							<div class="elementor-row">
					<div class="elementor-column elementor-col-100 elementor-top-column elementor-element elementor-element-c251004" data-id="c251004" data-element_type="column">
			<div class="elementor-column-wrap elementor-element-populated">
							<div class="elementor-widget-wrap">
						<div class="elementor-element elementor-element-bd75a23 elementor-widget elementor-widget-heading" data-id="bd75a23" data-element_type="widget" data-widget_type="heading.default">
				<div class="elementor-widget-container">
			<h2 class="elementor-heading-title elementor-size-default">Nouvelle inscription</h2>		</div>
				</div>
				<div class="elementor-element elementor-element-21f604b elementor-widget elementor-widget-text-editor" data-id="21f604b" data-element_type="widget" data-widget_type="text-editor.default">
				<div class="elementor-widget-container">
								<div class="elementor-text-editor elementor-clearfix">
				<p>Les électeurs peuvent désormais s&rsquo;inscrire sur les listes électorales :</p><ul><li>Soit directement via le site internet : <a href="https://www.demarches.interieur.gouv.fr/">https://www.demarches.interieur.gouv.fr/</a></li><li>Soit en se présentant directement en mairie munis :<ul><li>De leur carte d&rsquo;identité</li><li>D&rsquo;un justificatif de domicile de moins de 3 mois.</li></ul></li></ul>					</div>
						</div>
				</div>
				<div class="elementor-element elementor-element-117c131 elementor-widget elementor-widget-heading" data-id="117c131" data-element_type="widget" data-widget_type="heading.default">
				<div class="elementor-widget-container">
			<h2 class="elementor-heading-title elementor-size-default">Électeurs déjà inscrits</h2>		</div>
				</div>
				<div class="elementor-element elementor-element-47a4d6e elementor-widget elementor-widget-text-editor" data-id="47a4d6e" data-element_type="widget" data-widget_type="text-editor.default">
				<div class="elementor-widget-container">
								<div class="elementor-text-editor elementor-clearfix">
				<p>En 2019, tous les inscrits sur les listes électorales ont reçu une nouvelle carte.</p><p>La mise en place du Répertoire Électoral Unique ayant entraîné de nombreuses anomalies dans les inscriptions, nous invitons tous les électeurs à vérifier leurs inscriptions ainsi que les informations d&rsquo;état-civil figurant sur leurs cartes d&rsquo;électeur.</p><p><strong>Important : En cas d&rsquo;erreur ou de doute sur l&rsquo;inscription, merci de prendre contact le plus rapidement possible avec la mairie.</strong></p>					</div>
						</div>
				</div>
						</div>
					</div>
		</div>
								</div>
					</div>
		</section>
									</div>
			</div>
					</div>

<p>Nouvelle inscription Les électeurs peuvent désormais s&rsquo;inscrire sur les listes électorales : Soit directement via le site internet : https://www.demarches.interieur.gouv.fr/ Soit en se présentant directement en mairie munis : De leur carte d&rsquo;identité D&rsquo;un justificatif de domicile de moins de 3 mois. Électeurs déjà inscrits En 2019, tous les inscrits sur les listes électorales ont [&hellip;]</p>
