{"id":3819,"date":"2021-04-26T08:47:21","date_gmt":"2021-04-26T06:47:21","guid":{"rendered":"https:\/\/projet.mairie-curienne.fr\/?page_id=3819"},"modified":"2026-03-26T22:15:43","modified_gmt":"2026-03-26T21:15:43","slug":"pret-de-materiel","status":"publish","type":"page","link":"https:\/\/mairie-curienne.fr\/index.php\/pret-de-materiel\/","title":{"rendered":"Pr\u00eat de mat\u00e9riel"},"content":{"rendered":"\t\t<div data-elementor-type=\"wp-page\" data-elementor-id=\"3819\" class=\"elementor elementor-3819\">\n\t\t\t\t\t\t<div class=\"elementor-inner\">\n\t\t\t\t<div class=\"elementor-section-wrap\">\n\t\t\t\t\t\t\t\t\t<section class=\"elementor-section elementor-top-section elementor-element elementor-element-5e2d5ce elementor-section-boxed elementor-section-height-default elementor-section-height-default\" data-id=\"5e2d5ce\" data-element_type=\"section\">\n\t\t\t\t\t\t<div class=\"elementor-container elementor-column-gap-default\">\n\t\t\t\t\t\t\t<div class=\"elementor-row\">\n\t\t\t\t\t<div class=\"elementor-column elementor-col-100 elementor-top-column elementor-element elementor-element-884e107\" data-id=\"884e107\" data-element_type=\"column\">\n\t\t\t<div class=\"elementor-column-wrap elementor-element-populated\">\n\t\t\t\t\t\t\t<div class=\"elementor-widget-wrap\">\n\t\t\t\t\t\t<div class=\"elementor-element elementor-element-3a0b637 elementor-widget elementor-widget-heading\" data-id=\"3a0b637\" data-element_type=\"widget\" data-widget_type=\"heading.default\">\n\t\t\t\t<div class=\"elementor-widget-container\">\n\t\t\t<h2 class=\"elementor-heading-title elementor-size-default\">Broyeur<\/h2>\t\t<\/div>\n\t\t\t\t<\/div>\n\t\t\t\t<div class=\"elementor-element elementor-element-8b6a2cb elementor-widget elementor-widget-text-editor\" data-id=\"8b6a2cb\" data-element_type=\"widget\" data-widget_type=\"text-editor.default\">\n\t\t\t\t<div class=\"elementor-widget-container\">\n\t\t\t\t\t\t\t\t<div class=\"elementor-text-editor elementor-clearfix\">\n\t\t\t\t<p class=\"western\">La municipalit\u00e9 en partenariat avec Grand Chamb\u00e9ry met \u00e0 la disposition des habitants de la commune du mat\u00e9riel pour traiter les d\u00e9chets verts. Ce service est <strong>gratuit<\/strong> avec justificatifs et caution.<\/p><ul><li class=\"western\"><a href=\"https:\/\/mairie-curienne.fr\/wp-content\/uploads\/2020\/07\/attestation_broyeur.pdf\">T\u00e9l\u00e9charger la demande de pr\u00eat et les conditions<\/a><\/li><\/ul><p class=\"western\">Vous ne disposez pas d\u2019un v\u00e9hicule pour transporter le broyeur jusqu\u2019\u00e0 votre domicile\u00a0? Les services techniques peuvent vous livrer le mat\u00e9riel en semaine (sous r\u00e9serve de leur disponibilit\u00e9) pour un tarif de <strong>20 \u20ac<\/strong> aller\/retour.<\/p><ul><li class=\"western\"><a href=\"https:\/\/mairie-curienne.fr\/wp-content\/uploads\/2020\/07\/planning_broyeur_2026.pdf\">Planning du broyeur pour l&rsquo;ann\u00e9e 2026<\/a>\u00a0(disponible une semaine toutes les trois semaines)<\/li><\/ul><p>Pour r\u00e9server le broyeur, vous pouvez contacter le :<\/p>\t\t\t\t\t<\/div>\n\t\t\t\t\t\t<\/div>\n\t\t\t\t<\/div>\n\t\t\t\t<div class=\"elementor-element elementor-element-7d9b6c5 elementor-widget-tablet__width-inherit elementor-widget elementor-widget-ova_contact_info\" data-id=\"7d9b6c5\" data-element_type=\"widget\" data-widget_type=\"ova_contact_info.default\">\n\t\t\t\t<div class=\"elementor-widget-container\">\n\t\t\t\t\t<div class=\"ova-contact-info type1\">\n\n\t\t\t<div class=\"icon\">\n\t\t\t\t<i class=\"fas fa-phone\"><\/i>\t\t\t<\/div>\n\n\t\t\t\t\t\t\t<div class=\"address\">\n\t\t\t\t\t\t\t\t\t\t\t\t\t\t\t<span class=\"text_link\"><a href='tel:+336 31 90 06 20'>T\u00e9l\u00e9phone : <span>06 31 90 06 20<\/span><\/a><\/span>\n\t\t\t\t<\/div>\n\t\t\t\t\t\t\n\t\t<\/div>\n\t\t\t\t<\/div>\n\t\t\t\t<\/div>\n\t\t\t\t<div class=\"elementor-element elementor-element-0ca7521 elementor-widget elementor-widget-heading\" data-id=\"0ca7521\" data-element_type=\"widget\" data-widget_type=\"heading.default\">\n\t\t\t\t<div class=\"elementor-widget-container\">\n\t\t\t<h2 class=\"elementor-heading-title elementor-size-default\">Mat\u00e9riel festif<\/h2>\t\t<\/div>\n\t\t\t\t<\/div>\n\t\t\t\t<div class=\"elementor-element elementor-element-2c1ad59 elementor-widget elementor-widget-text-editor\" data-id=\"2c1ad59\" data-element_type=\"widget\" data-widget_type=\"text-editor.default\">\n\t\t\t\t<div class=\"elementor-widget-container\">\n\t\t\t\t\t\t\t\t<div class=\"elementor-text-editor elementor-clearfix\">\n\t\t\t\t<p>La municipalit\u00e9 met \u00e0 la disposition des habitants de la commune du mat\u00e9riel festifs ( tables, chaises, vaisselles,\u2026) soit \u00e0 l\u2019occasion de la location de la salle polyvalente soit ind\u00e9pendamment de cette location.<\/p><p>Pour r\u00e9server du mat\u00e9riel ou de la vaisselle, vous pouvez faire une demande par mail ou par t\u00e9l\u00e9phone \u00e0 la mairie de Curienne.<\/p><ul><li><a href=\"https:\/\/mairie-curienne.fr\/wp-content\/uploads\/2020\/07\/tarifs_location.pdf\">T\u00e9l\u00e9charger la fiche d\u2019information sur la location du mat\u00e9riel et les tarifs<\/a><\/li><\/ul>\t\t\t\t\t<\/div>\n\t\t\t\t\t\t<\/div>\n\t\t\t\t<\/div>\n\t\t\t\t\t\t<\/div>\n\t\t\t\t\t<\/div>\n\t\t<\/div>\n\t\t\t\t\t\t\t\t<\/div>\n\t\t\t\t\t<\/div>\n\t\t<\/section>\n\t\t\t\t\t\t\t\t\t<\/div>\n\t\t\t<\/div>\n\t\t\t\t\t<\/div>\n\t\t","protected":false},"excerpt":{"rendered":"<p>Broyeur La municipalit\u00e9 en partenariat avec Grand Chamb\u00e9ry met \u00e0 la disposition des habitants de la commune du mat\u00e9riel pour traiter les d\u00e9chets verts. Ce service est gratuit avec justificatifs et caution. T\u00e9l\u00e9charger la demande de pr\u00eat et les conditions Vous ne disposez pas d\u2019un v\u00e9hicule pour transporter le broyeur jusqu\u2019\u00e0 votre domicile\u00a0? Les services [&hellip;]<\/p>\n","protected":false},"author":2,"featured_media":0,"parent":0,"menu_order":0,"comment_status":"closed","ping_status":"closed","template":"","meta":[],"_links":{"self":[{"href":"https:\/\/mairie-curienne.fr\/index.php\/wp-json\/wp\/v2\/pages\/3819"}],"collection":[{"href":"https:\/\/mairie-curienne.fr\/index.php\/wp-json\/wp\/v2\/pages"}],"about":[{"href":"https:\/\/mairie-curienne.fr\/index.php\/wp-json\/wp\/v2\/types\/page"}],"author":[{"embeddable":true,"href":"https:\/\/mairie-curienne.fr\/index.php\/wp-json\/wp\/v2\/users\/2"}],"replies":[{"embeddable":true,"href":"https:\/\/mairie-curienne.fr\/index.php\/wp-json\/wp\/v2\/comments?post=3819"}],"version-history":[{"count":40,"href":"https:\/\/mairie-curienne.fr\/index.php\/wp-json\/wp\/v2\/pages\/3819\/revisions"}],"predecessor-version":[{"id":8492,"href":"https:\/\/mairie-curienne.fr\/index.php\/wp-json\/wp\/v2\/pages\/3819\/revisions\/8492"}],"wp:attachment":[{"href":"https:\/\/mairie-curienne.fr\/index.php\/wp-json\/wp\/v2\/media?parent=3819"}],"curies":[{"name":"wp","href":"https:\/\/api.w.org\/{rel}","templated":true}]}}

Prêt de matériel

<div data-elementor-type="wp-page" data-elementor-id="3819" class="elementor elementor-3819">
						<div class="elementor-inner">
				<div class="elementor-section-wrap">
									<section class="elementor-section elementor-top-section elementor-element elementor-element-5e2d5ce elementor-section-boxed elementor-section-height-default elementor-section-height-default" data-id="5e2d5ce" data-element_type="section">
						<div class="elementor-container elementor-column-gap-default">
							<div class="elementor-row">
					<div class="elementor-column elementor-col-100 elementor-top-column elementor-element elementor-element-884e107" data-id="884e107" data-element_type="column">
			<div class="elementor-column-wrap elementor-element-populated">
							<div class="elementor-widget-wrap">
						<div class="elementor-element elementor-element-3a0b637 elementor-widget elementor-widget-heading" data-id="3a0b637" data-element_type="widget" data-widget_type="heading.default">
				<div class="elementor-widget-container">
			<h2 class="elementor-heading-title elementor-size-default">Broyeur</h2>		</div>
				</div>
				<div class="elementor-element elementor-element-8b6a2cb elementor-widget elementor-widget-text-editor" data-id="8b6a2cb" data-element_type="widget" data-widget_type="text-editor.default">
				<div class="elementor-widget-container">
								<div class="elementor-text-editor elementor-clearfix">
				<p class="western">La municipalité en partenariat avec Grand Chambéry met à la disposition des habitants de la commune du matériel pour traiter les déchets verts. Ce service est <strong>gratuit</strong> avec justificatifs et caution.</p><ul><li class="western"><a href="https://mairie-curienne.fr/wp-content/uploads/2020/07/attestation_broyeur.pdf">Télécharger la demande de prêt et les conditions</a></li></ul><p class="western">Vous ne disposez pas d’un véhicule pour transporter le broyeur jusqu’à votre domicile ? Les services techniques peuvent vous livrer le matériel en semaine (sous réserve de leur disponibilité) pour un tarif de <strong>20 €</strong> aller/retour.</p><ul><li class="western"><a href="https://mairie-curienne.fr/wp-content/uploads/2020/07/planning_broyeur_2026.pdf">Planning du broyeur pour l&rsquo;année 2026</a> (disponible une semaine toutes les trois semaines)</li></ul><p>Pour réserver le broyeur, vous pouvez contacter le :</p>					</div>
						</div>
				</div>
				<div class="elementor-element elementor-element-7d9b6c5 elementor-widget-tablet__width-inherit elementor-widget elementor-widget-ova_contact_info" data-id="7d9b6c5" data-element_type="widget" data-widget_type="ova_contact_info.default">
				<div class="elementor-widget-container">
					<div class="ova-contact-info type1">

			<div class="icon">
				<i class="fas fa-phone"></i>			</div>

							<div class="address">
															<span class="text_link"><a href='tel:+336 31 90 06 20'>Téléphone : <span>06 31 90 06 20</span></a></span>
				</div>
						
		</div>
				</div>
				</div>
				<div class="elementor-element elementor-element-0ca7521 elementor-widget elementor-widget-heading" data-id="0ca7521" data-element_type="widget" data-widget_type="heading.default">
				<div class="elementor-widget-container">
			<h2 class="elementor-heading-title elementor-size-default">Matériel festif</h2>		</div>
				</div>
				<div class="elementor-element elementor-element-2c1ad59 elementor-widget elementor-widget-text-editor" data-id="2c1ad59" data-element_type="widget" data-widget_type="text-editor.default">
				<div class="elementor-widget-container">
								<div class="elementor-text-editor elementor-clearfix">
				<p>La municipalité met à la disposition des habitants de la commune du matériel festifs ( tables, chaises, vaisselles,…) soit à l’occasion de la location de la salle polyvalente soit indépendamment de cette location.</p><p>Pour réserver du matériel ou de la vaisselle, vous pouvez faire une demande par mail ou par téléphone à la mairie de Curienne.</p><ul><li><a href="https://mairie-curienne.fr/wp-content/uploads/2020/07/tarifs_location.pdf">Télécharger la fiche d’information sur la location du matériel et les tarifs</a></li></ul>					</div>
						</div>
				</div>
						</div>
					</div>
		</div>
								</div>
					</div>
		</section>
									</div>
			</div>
					</div>

<p>Broyeur La municipalité en partenariat avec Grand Chambéry met à la disposition des habitants de la commune du matériel pour traiter les déchets verts. Ce service est gratuit avec justificatifs et caution. Télécharger la demande de prêt et les conditions Vous ne disposez pas d’un véhicule pour transporter le broyeur jusqu’à votre domicile ? Les services [&hellip;]</p>
