{"id":3566,"date":"2021-04-18T16:50:36","date_gmt":"2021-04-18T14:50:36","guid":{"rendered":"https:\/\/projet.mairie-curienne.fr\/?page_id=3566"},"modified":"2025-11-21T23:36:34","modified_gmt":"2025-11-21T22:36:34","slug":"petite-enfance","status":"publish","type":"page","link":"https:\/\/mairie-curienne.fr\/index.php\/petite-enfance\/","title":{"rendered":"Petite enfance"},"content":{"rendered":"\t\t<div data-elementor-type=\"wp-page\" data-elementor-id=\"3566\" class=\"elementor elementor-3566\">\n\t\t\t\t\t\t<div class=\"elementor-inner\">\n\t\t\t\t<div class=\"elementor-section-wrap\">\n\t\t\t\t\t\t\t\t\t<section class=\"elementor-section elementor-top-section elementor-element elementor-element-397e96b elementor-section-boxed elementor-section-height-default elementor-section-height-default\" data-id=\"397e96b\" data-element_type=\"section\">\n\t\t\t\t\t\t<div class=\"elementor-container elementor-column-gap-default\">\n\t\t\t\t\t\t\t<div class=\"elementor-row\">\n\t\t\t\t\t<div class=\"elementor-column elementor-col-100 elementor-top-column elementor-element elementor-element-d18af11\" data-id=\"d18af11\" data-element_type=\"column\">\n\t\t\t<div class=\"elementor-column-wrap elementor-element-populated\">\n\t\t\t\t\t\t\t<div class=\"elementor-widget-wrap\">\n\t\t\t\t\t\t<div class=\"elementor-element elementor-element-364e83d elementor-widget elementor-widget-heading\" data-id=\"364e83d\" data-element_type=\"widget\" data-widget_type=\"heading.default\">\n\t\t\t\t<div class=\"elementor-widget-container\">\n\t\t\t<h2 class=\"elementor-heading-title elementor-size-default\">RPE (Relais Petite Enfance) est un lieu :<\/h2>\t\t<\/div>\n\t\t\t\t<\/div>\n\t\t\t\t<div class=\"elementor-element elementor-element-30a3367 elementor-widget elementor-widget-text-editor\" data-id=\"30a3367\" data-element_type=\"widget\" data-widget_type=\"text-editor.default\">\n\t\t\t\t<div class=\"elementor-widget-container\">\n\t\t\t\t\t\t\t\t<div class=\"elementor-text-editor elementor-clearfix\">\n\t\t\t\t<ul><li>d\u2019information pour les parents en recherche d\u2019un mode de garde<\/li><li>de soutien \u00e0 la professionnalisation pour les assistant(e)s maternel(le)s agr\u00e9\u00e9(e)s<\/li><li>de rencontres, d\u2019\u00e9changes<\/li><li>de r\u00e9flexion autour de la qualit\u00e9 de l\u2019accueil du tout petit.<\/li><\/ul><p>Le RPE met en relation parents et assistants maternels, organise des ateliers d&rsquo;\u00e9veil et de d\u00e9couverte pour les enfants accompagn\u00e9s de leur assistant maternel et des rencontres collectives pour les adultes.<\/p>\t\t\t\t\t<\/div>\n\t\t\t\t\t\t<\/div>\n\t\t\t\t<\/div>\n\t\t\t\t<div class=\"elementor-element elementor-element-0408175 elementor-widget elementor-widget-heading\" data-id=\"0408175\" data-element_type=\"widget\" data-widget_type=\"heading.default\">\n\t\t\t\t<div class=\"elementor-widget-container\">\n\t\t\t<h2 class=\"elementor-heading-title elementor-size-default\">Les permanences du RPE :<\/h2>\t\t<\/div>\n\t\t\t\t<\/div>\n\t\t\t\t<div class=\"elementor-element elementor-element-2afa6cf elementor-widget elementor-widget-text-editor\" data-id=\"2afa6cf\" data-element_type=\"widget\" data-widget_type=\"text-editor.default\">\n\t\t\t\t<div class=\"elementor-widget-container\">\n\t\t\t\t\t\t\t\t<div class=\"elementor-text-editor elementor-clearfix\">\n\t\t\t\t<p><strong>BARBY<\/strong><\/p><p>Clos Gaillard \u00ab les quatre Saisons \u00bb<\/p><ul><li>Le 2\u00e8me et 4\u00e8me jeudi du mois de 14h30 \u00e0 17h30 et sur rendez-vous jusqu\u2019\u00e0 18h si besoin (de 8h30 \u00e0 11h30 en juillet-ao\u00fbt).<\/li><\/ul><p><strong>ST ALBAN-LEYSSE<\/strong><\/p><p>92 rue de La Savoyarde<\/p><ul><li>Le lundi de 15h \u00e0 18h et le vendredi de 8h30 \u00e0 12h30.<\/li><li>Le 1er et 3\u00e8me mercredi du mois de 9h \u00e0 12h sur rendez-vous uniquement.<\/li><\/ul>\t\t\t\t\t<\/div>\n\t\t\t\t\t\t<\/div>\n\t\t\t\t<\/div>\n\t\t\t\t<div class=\"elementor-element elementor-element-31b9f62 elementor-widget elementor-widget-heading\" data-id=\"31b9f62\" data-element_type=\"widget\" data-widget_type=\"heading.default\">\n\t\t\t\t<div class=\"elementor-widget-container\">\n\t\t\t<h2 class=\"elementor-heading-title elementor-size-default\">Adresse et coordonn\u00e9es :<\/h2>\t\t<\/div>\n\t\t\t\t<\/div>\n\t\t\t\t<div class=\"elementor-element elementor-element-671952d elementor-widget elementor-widget-text-editor\" data-id=\"671952d\" data-element_type=\"widget\" data-widget_type=\"text-editor.default\">\n\t\t\t\t<div class=\"elementor-widget-container\">\n\t\t\t\t\t\t\t\t<div class=\"elementor-text-editor elementor-clearfix\">\n\t\t\t\t<p>Animatrice :\u00a0<strong>H\u00e9l\u00e8ne GAILLET<\/strong><\/p><p><strong>92\u00a0 rue de la Savoyarde<\/strong><br \/><strong>73230 SAINT ALBAN LEYSSE<\/strong><\/p>\t\t\t\t\t<\/div>\n\t\t\t\t\t\t<\/div>\n\t\t\t\t<\/div>\n\t\t\t\t<div class=\"elementor-element elementor-element-1503a1c elementor-widget-tablet__width-inherit elementor-widget elementor-widget-ova_contact_info\" data-id=\"1503a1c\" data-element_type=\"widget\" data-widget_type=\"ova_contact_info.default\">\n\t\t\t\t<div class=\"elementor-widget-container\">\n\t\t\t\t\t<div class=\"ova-contact-info type1\">\n\n\t\t\t<div class=\"icon\">\n\t\t\t\t<i class=\"fas fa-phone\"><\/i>\t\t\t<\/div>\n\n\t\t\t\t\t\t\t<div class=\"address\">\n\t\t\t\t\t\t\t\t\t\t\t\t\t\t\t<span class=\"text_link\"><a href='tel:+334 80 47 07 17'>T\u00e9l\u00e9phone fixe : <span>04 80 47 07 17<\/span><\/a><\/span>\n\t\t\t\t<\/div>\n\t\t\t\t\t\t\n\t\t<\/div>\n\t\t\t\t<\/div>\n\t\t\t\t<\/div>\n\t\t\t\t<div class=\"elementor-element elementor-element-175d83e elementor-widget-tablet__width-inherit elementor-widget elementor-widget-ova_contact_info\" data-id=\"175d83e\" data-element_type=\"widget\" data-widget_type=\"ova_contact_info.default\">\n\t\t\t\t<div class=\"elementor-widget-container\">\n\t\t\t\t\t<div class=\"ova-contact-info type1\">\n\n\t\t\t<div class=\"icon\">\n\t\t\t\t<i class=\"fas fa-phone\"><\/i>\t\t\t<\/div>\n\n\t\t\t\t\t\t\t<div class=\"address\">\n\t\t\t\t\t\t\t\t\t\t\t\t\t\t\t<span class=\"text_link\"><a href='tel:+336 75 03 49 51'>T\u00e9l\u00e9phone portable : <span>06 75 03 49 51<\/span><\/a><\/span>\n\t\t\t\t<\/div>\n\t\t\t\t\t\t\n\t\t<\/div>\n\t\t\t\t<\/div>\n\t\t\t\t<\/div>\n\t\t\t\t<div class=\"elementor-element elementor-element-4da6fee elementor-widget-tablet__width-inherit elementor-widget elementor-widget-ova_contact_info\" data-id=\"4da6fee\" data-element_type=\"widget\" data-widget_type=\"ova_contact_info.default\">\n\t\t\t\t<div class=\"elementor-widget-container\">\n\t\t\t\t\t<div class=\"ova-contact-info type1\">\n\n\t\t\t<div class=\"icon\">\n\t\t\t\t<i class=\"fas fa-envelope\"><\/i>\t\t\t<\/div>\n\n\t\t\t\t\t\t\t<div class=\"address\">\n\t\t\t\t\t\t\t\t\t\t\t\t\t\t\t<span class=\"text_link\"><a href='mailto:rpe@sicsal.fr'>Email : <span>rpe@sicsal.fr<\/span><\/a><\/span>\n\t\t\t\t<\/div>\n\t\t\t\t\t\t\n\t\t<\/div>\n\t\t\t\t<\/div>\n\t\t\t\t<\/div>\n\t\t\t\t\t\t<\/div>\n\t\t\t\t\t<\/div>\n\t\t<\/div>\n\t\t\t\t\t\t\t\t<\/div>\n\t\t\t\t\t<\/div>\n\t\t<\/section>\n\t\t\t\t\t\t\t\t\t<\/div>\n\t\t\t<\/div>\n\t\t\t\t\t<\/div>\n\t\t","protected":false},"excerpt":{"rendered":"<p>RPE (Relais Petite Enfance) est un lieu : d\u2019information pour les parents en recherche d\u2019un mode de garde de soutien \u00e0 la professionnalisation pour les assistant(e)s maternel(le)s agr\u00e9\u00e9(e)s de rencontres, d\u2019\u00e9changes de r\u00e9flexion autour de la qualit\u00e9 de l\u2019accueil du tout petit. Le RPE met en relation parents et assistants maternels, organise des ateliers d&rsquo;\u00e9veil [&hellip;]<\/p>\n","protected":false},"author":2,"featured_media":0,"parent":0,"menu_order":0,"comment_status":"closed","ping_status":"closed","template":"","meta":[],"_links":{"self":[{"href":"https:\/\/mairie-curienne.fr\/index.php\/wp-json\/wp\/v2\/pages\/3566"}],"collection":[{"href":"https:\/\/mairie-curienne.fr\/index.php\/wp-json\/wp\/v2\/pages"}],"about":[{"href":"https:\/\/mairie-curienne.fr\/index.php\/wp-json\/wp\/v2\/types\/page"}],"author":[{"embeddable":true,"href":"https:\/\/mairie-curienne.fr\/index.php\/wp-json\/wp\/v2\/users\/2"}],"replies":[{"embeddable":true,"href":"https:\/\/mairie-curienne.fr\/index.php\/wp-json\/wp\/v2\/comments?post=3566"}],"version-history":[{"count":28,"href":"https:\/\/mairie-curienne.fr\/index.php\/wp-json\/wp\/v2\/pages\/3566\/revisions"}],"predecessor-version":[{"id":8167,"href":"https:\/\/mairie-curienne.fr\/index.php\/wp-json\/wp\/v2\/pages\/3566\/revisions\/8167"}],"wp:attachment":[{"href":"https:\/\/mairie-curienne.fr\/index.php\/wp-json\/wp\/v2\/media?parent=3566"}],"curies":[{"name":"wp","href":"https:\/\/api.w.org\/{rel}","templated":true}]}}

<div data-elementor-type="wp-page" data-elementor-id="3566" class="elementor elementor-3566">
						<div class="elementor-inner">
				<div class="elementor-section-wrap">
									<section class="elementor-section elementor-top-section elementor-element elementor-element-397e96b elementor-section-boxed elementor-section-height-default elementor-section-height-default" data-id="397e96b" data-element_type="section">
						<div class="elementor-container elementor-column-gap-default">
							<div class="elementor-row">
					<div class="elementor-column elementor-col-100 elementor-top-column elementor-element elementor-element-d18af11" data-id="d18af11" data-element_type="column">
			<div class="elementor-column-wrap elementor-element-populated">
							<div class="elementor-widget-wrap">
						<div class="elementor-element elementor-element-364e83d elementor-widget elementor-widget-heading" data-id="364e83d" data-element_type="widget" data-widget_type="heading.default">
				<div class="elementor-widget-container">
			<h2 class="elementor-heading-title elementor-size-default">RPE (Relais Petite Enfance) est un lieu :</h2>		</div>
				</div>
				<div class="elementor-element elementor-element-30a3367 elementor-widget elementor-widget-text-editor" data-id="30a3367" data-element_type="widget" data-widget_type="text-editor.default">
				<div class="elementor-widget-container">
								<div class="elementor-text-editor elementor-clearfix">
				<ul><li>d’information pour les parents en recherche d’un mode de garde</li><li>de soutien à la professionnalisation pour les assistant(e)s maternel(le)s agréé(e)s</li><li>de rencontres, d’échanges</li><li>de réflexion autour de la qualité de l’accueil du tout petit.</li></ul><p>Le RPE met en relation parents et assistants maternels, organise des ateliers d&rsquo;éveil et de découverte pour les enfants accompagnés de leur assistant maternel et des rencontres collectives pour les adultes.</p>					</div>
						</div>
				</div>
				<div class="elementor-element elementor-element-0408175 elementor-widget elementor-widget-heading" data-id="0408175" data-element_type="widget" data-widget_type="heading.default">
				<div class="elementor-widget-container">
			<h2 class="elementor-heading-title elementor-size-default">Les permanences du RPE :</h2>		</div>
				</div>
				<div class="elementor-element elementor-element-2afa6cf elementor-widget elementor-widget-text-editor" data-id="2afa6cf" data-element_type="widget" data-widget_type="text-editor.default">
				<div class="elementor-widget-container">
								<div class="elementor-text-editor elementor-clearfix">
				<p><strong>BARBY</strong></p><p>Clos Gaillard « les quatre Saisons »</p><ul><li>Le 2ème et 4ème jeudi du mois de 14h30 à 17h30 et sur rendez-vous jusqu’à 18h si besoin (de 8h30 à 11h30 en juillet-août).</li></ul><p><strong>ST ALBAN-LEYSSE</strong></p><p>92 rue de La Savoyarde</p><ul><li>Le lundi de 15h à 18h et le vendredi de 8h30 à 12h30.</li><li>Le 1er et 3ème mercredi du mois de 9h à 12h sur rendez-vous uniquement.</li></ul>					</div>
						</div>
				</div>
				<div class="elementor-element elementor-element-31b9f62 elementor-widget elementor-widget-heading" data-id="31b9f62" data-element_type="widget" data-widget_type="heading.default">
				<div class="elementor-widget-container">
			<h2 class="elementor-heading-title elementor-size-default">Adresse et coordonnées :</h2>		</div>
				</div>
				<div class="elementor-element elementor-element-671952d elementor-widget elementor-widget-text-editor" data-id="671952d" data-element_type="widget" data-widget_type="text-editor.default">
				<div class="elementor-widget-container">
								<div class="elementor-text-editor elementor-clearfix">
				<p>Animatrice : <strong>Hélène GAILLET</strong></p><p><strong>92  rue de la Savoyarde</strong><br /><strong>73230 SAINT ALBAN LEYSSE</strong></p>					</div>
						</div>
				</div>
				<div class="elementor-element elementor-element-1503a1c elementor-widget-tablet__width-inherit elementor-widget elementor-widget-ova_contact_info" data-id="1503a1c" data-element_type="widget" data-widget_type="ova_contact_info.default">
				<div class="elementor-widget-container">
					<div class="ova-contact-info type1">

			<div class="icon">
				<i class="fas fa-phone"></i>			</div>

							<div class="address">
															<span class="text_link"><a href='tel:+334 80 47 07 17'>Téléphone fixe : <span>04 80 47 07 17</span></a></span>
				</div>
						
		</div>
				</div>
				</div>
				<div class="elementor-element elementor-element-175d83e elementor-widget-tablet__width-inherit elementor-widget elementor-widget-ova_contact_info" data-id="175d83e" data-element_type="widget" data-widget_type="ova_contact_info.default">
				<div class="elementor-widget-container">
					<div class="ova-contact-info type1">

			<div class="icon">
				<i class="fas fa-phone"></i>			</div>

							<div class="address">
															<span class="text_link"><a href='tel:+336 75 03 49 51'>Téléphone portable : <span>06 75 03 49 51</span></a></span>
				</div>
						
		</div>
				</div>
				</div>
				<div class="elementor-element elementor-element-4da6fee elementor-widget-tablet__width-inherit elementor-widget elementor-widget-ova_contact_info" data-id="4da6fee" data-element_type="widget" data-widget_type="ova_contact_info.default">
				<div class="elementor-widget-container">
					<div class="ova-contact-info type1">

			<div class="icon">
				<i class="fas fa-envelope"></i>			</div>

							<div class="address">
															<span class="text_link"><a href='mailto:rpe@sicsal.fr'>Email : <span>rpe@sicsal.fr</span></a></span>
				</div>
						
		</div>
				</div>
				</div>
						</div>
					</div>
		</div>
								</div>
					</div>
		</section>
									</div>
			</div>
					</div>

<p>RPE (Relais Petite Enfance) est un lieu : d’information pour les parents en recherche d’un mode de garde de soutien à la professionnalisation pour les assistant(e)s maternel(le)s agréé(e)s de rencontres, d’échanges de réflexion autour de la qualité de l’accueil du tout petit. Le RPE met en relation parents et assistants maternels, organise des ateliers d&rsquo;éveil [&hellip;]</p>
