{"id":3552,"date":"2021-04-18T16:37:21","date_gmt":"2021-04-18T14:37:21","guid":{"rendered":"https:\/\/projet.mairie-curienne.fr\/?page_id=3552"},"modified":"2026-03-17T20:09:10","modified_gmt":"2026-03-17T19:09:10","slug":"cantine-et-garderie","status":"publish","type":"page","link":"https:\/\/mairie-curienne.fr\/index.php\/cantine-et-garderie\/","title":{"rendered":"Cantine et garderie"},"content":{"rendered":"\t\t<div data-elementor-type=\"wp-page\" data-elementor-id=\"3552\" class=\"elementor elementor-3552\">\n\t\t\t\t\t\t<div class=\"elementor-inner\">\n\t\t\t\t<div class=\"elementor-section-wrap\">\n\t\t\t\t\t\t\t\t\t<section class=\"elementor-section elementor-top-section elementor-element elementor-element-f1854f5 elementor-section-boxed elementor-section-height-default elementor-section-height-default\" data-id=\"f1854f5\" data-element_type=\"section\">\n\t\t\t\t\t\t<div class=\"elementor-container elementor-column-gap-default\">\n\t\t\t\t\t\t\t<div class=\"elementor-row\">\n\t\t\t\t\t<div class=\"elementor-column elementor-col-100 elementor-top-column elementor-element elementor-element-7ae6e90\" data-id=\"7ae6e90\" data-element_type=\"column\">\n\t\t\t<div class=\"elementor-column-wrap elementor-element-populated\">\n\t\t\t\t\t\t\t<div class=\"elementor-widget-wrap\">\n\t\t\t\t\t\t<div class=\"elementor-element elementor-element-a2964a5 elementor-widget elementor-widget-text-editor\" data-id=\"a2964a5\" data-element_type=\"widget\" data-widget_type=\"text-editor.default\">\n\t\t\t\t<div class=\"elementor-widget-container\">\n\t\t\t\t\t\t\t\t<div class=\"elementor-text-editor elementor-clearfix\">\n\t\t\t\t<p>La cantine scolaire est situ\u00e9e dans le b\u00e2timent accol\u00e9 \u00e0 l&rsquo;auberge et la garderie p\u00e9riscolaire est situ\u00e9e dans le b\u00e2timent p\u00e9riscolaire accol\u00e9 \u00e0 la cour de l\u2019\u00e9cole \u00e9l\u00e9mentaire.<\/p><p>La cantine scolaire fonctionne :<\/p><ul><li>Les lundis, mardis, jeudis et vendredi de 12h00 \u00e0 13h30.<\/li><\/ul><p>La garderie p\u00e9riscolaire fonctionne :<\/p><ul><li>Du lundi au vendredi \u00e0 partir de 7h.<\/li><li>Du lundi au vendredi de 12h \u00e0 12h30.<\/li><li>Les lundis, mardis, jeudis et vendredi de 16h30 \u00e0 18h30.<\/li><\/ul><p>Pendant l\u2019ann\u00e9e, les r\u00e9servations de repas et de garderie se font sur le portail famille d\u00e8s que vous avez obtenu votre identifiant et votre mot de passe : <a href=\"https:\/\/curienne.argfamille.fr\/\">https:\/\/curienne.argfamille.fr\/<\/a><\/p><p>Les annulations de repas et\/ou de garderie peuvent se faire en cas de difficult\u00e9s et\/ou d\u2019imp\u00e9ratifs important, vous pouvez contacter la mairie pour une r\u00e9servation exceptionnelle au :<\/p>\t\t\t\t\t<\/div>\n\t\t\t\t\t\t<\/div>\n\t\t\t\t<\/div>\n\t\t\t\t<div class=\"elementor-element elementor-element-463a332 elementor-widget-tablet__width-inherit elementor-widget elementor-widget-ova_contact_info\" data-id=\"463a332\" data-element_type=\"widget\" data-widget_type=\"ova_contact_info.default\">\n\t\t\t\t<div class=\"elementor-widget-container\">\n\t\t\t\t\t<div class=\"ova-contact-info type1\">\n\n\t\t\t<div class=\"icon\">\n\t\t\t\t<i class=\"fas fa-phone\"><\/i>\t\t\t<\/div>\n\n\t\t\t\t\t\t\t<div class=\"address\">\n\t\t\t\t\t\t\t\t\t\t\t\t\t\t\t<span class=\"text_link\"><a href='tel:+337 56 32 42 70'>T\u00e9l\u00e9phone : <span>07 56 32 42 70<\/span><\/a><\/span>\n\t\t\t\t<\/div>\n\t\t\t\t\t\t\n\t\t<\/div>\n\t\t\t\t<\/div>\n\t\t\t\t<\/div>\n\t\t\t\t<div class=\"elementor-element elementor-element-4def730 elementor-widget elementor-widget-heading\" data-id=\"4def730\" data-element_type=\"widget\" data-widget_type=\"heading.default\">\n\t\t\t\t<div class=\"elementor-widget-container\">\n\t\t\t<h2 class=\"elementor-heading-title elementor-size-default\">Repas<\/h2>\t\t<\/div>\n\t\t\t\t<\/div>\n\t\t\t\t<div class=\"elementor-element elementor-element-201ba2f elementor-widget elementor-widget-text-editor\" data-id=\"201ba2f\" data-element_type=\"widget\" data-widget_type=\"text-editor.default\">\n\t\t\t\t<div class=\"elementor-widget-container\">\n\t\t\t\t\t\t\t\t<div class=\"elementor-text-editor elementor-clearfix\">\n\t\t\t\t<ul><li><a href=\"https:\/\/mairie-curienne.fr\/wp-content\/uploads\/2020\/07\/04_2026_cantine_menu_LESHEROSDESTROPIQUES.pdf\">Le menu des h\u00e9ros des tropiques (vendredi 10 avril 2026)<\/a><\/li><li><a href=\"https:\/\/mairie-curienne.fr\/wp-content\/uploads\/2020\/07\/04_2026_cantine.pdf\">T\u00e9l\u00e9charger les repas du mois d&rsquo;avril 2026 <\/a>(<a href=\"https:\/\/mairie-curienne.fr\/wp-content\/uploads\/2020\/07\/04_2026_cantine_allergenes.pdf\">Liste des allerg\u00e8nes<\/a>)<\/li><li><a href=\"https:\/\/mairie-curienne.fr\/wp-content\/uploads\/2020\/07\/03_2026_cantine_menu_LEMENULESHEROSIMAGINAIRES.pdf\">Le menu des h\u00e9ros imaginaires (jeudi 26 mars 2026)<\/a><\/li><li><a href=\"https:\/\/mairie-curienne.fr\/wp-content\/uploads\/2020\/07\/03_2026_cantine_menu_LESANIMAUXRIGOLOS.pdf\">Le menu des animaux rigolos (vendredi 20 mars 2026)<\/a><\/li><li><a href=\"https:\/\/mairie-curienne.fr\/wp-content\/uploads\/2020\/07\/03_2026_cantine.pdf\">T\u00e9l\u00e9charger les repas du mois de mars 2026 <\/a>(<a href=\"https:\/\/mairie-curienne.fr\/wp-content\/uploads\/2020\/07\/03_2026_cantine_allergenes.pdf\">Liste des allerg\u00e8nes<\/a>)<\/li><li><a href=\"https:\/\/mairie-curienne.fr\/wp-content\/uploads\/2020\/07\/01_2026_cantine_menu_heros.pdf\">Le menu des Super-H\u00e9ros ! (vendredi 23 janvier 2026)<\/a><\/li><li><a href=\"https:\/\/mairie-curienne.fr\/wp-content\/uploads\/2020\/07\/01_2026_cantines.pdf\">T\u00e9l\u00e9charger les repas du mois de janvier 2026 <\/a>(<a href=\"https:\/\/mairie-curienne.fr\/wp-content\/uploads\/2020\/07\/01_2026_cantine_allergenes.pdf\">Liste des allerg\u00e8nes<\/a>)<\/li><li><a href=\"https:\/\/mairie-curienne.fr\/wp-content\/uploads\/2020\/07\/12_2025_cantine_menu_noel.pdf\">Menu de No\u00ebl (jeudi 18 d\u00e9cembre 2025)<\/a><\/li><li><a href=\"https:\/\/mairie-curienne.fr\/wp-content\/uploads\/2020\/07\/12_2025_cantine_menu_raclette.pdf\">Menu Raclette (jeudi 4 d\u00e9cembre 2025)<\/a><\/li><li><a href=\"https:\/\/mairie-curienne.fr\/wp-content\/uploads\/2020\/07\/12_2025_cantine.pdf\">T\u00e9l\u00e9charger les repas du mois de d\u00e9cembre 2025 <\/a>(<a href=\"https:\/\/mairie-curienne.fr\/wp-content\/uploads\/2020\/07\/12_2025_cantine_allergenes.pdf\">Liste des allerg\u00e8nes<\/a>)<\/li><li><a href=\"https:\/\/mairie-curienne.fr\/wp-content\/uploads\/2020\/07\/09_2025_cantine.pdf\">T\u00e9l\u00e9charger les repas du mois de septembre 2025 <\/a>(<a href=\"https:\/\/mairie-curienne.fr\/wp-content\/uploads\/2020\/07\/09_2025_cantine_allergenes.pdf\">Liste des allerg\u00e8nes<\/a>)<\/li><\/ul>\t\t\t\t\t<\/div>\n\t\t\t\t\t\t<\/div>\n\t\t\t\t<\/div>\n\t\t\t\t<div class=\"elementor-element elementor-element-55e32a1 elementor-widget elementor-widget-heading\" data-id=\"55e32a1\" data-element_type=\"widget\" data-widget_type=\"heading.default\">\n\t\t\t\t<div class=\"elementor-widget-container\">\n\t\t\t<h2 class=\"elementor-heading-title elementor-size-default\">R\u00e9servations et inscription<\/h2>\t\t<\/div>\n\t\t\t\t<\/div>\n\t\t\t\t<div class=\"elementor-element elementor-element-4904437 elementor-widget elementor-widget-text-editor\" data-id=\"4904437\" data-element_type=\"widget\" data-widget_type=\"text-editor.default\">\n\t\t\t\t<div class=\"elementor-widget-container\">\n\t\t\t\t\t\t\t\t<div class=\"elementor-text-editor elementor-clearfix\">\n\t\t\t\t<ul><li>La r\u00e9servation de la cantine doit \u00eatre r\u00e9alis\u00e9e avant le mercredi 12h pour la semaine suivante.<\/li><li>La r\u00e9servation de la garderie doit \u00eatre r\u00e9alis\u00e9e l&rsquo;<strong>avant veille<\/strong> avant 21h.<\/li><\/ul>\t\t\t\t\t<\/div>\n\t\t\t\t\t\t<\/div>\n\t\t\t\t<\/div>\n\t\t\t\t<div class=\"elementor-element elementor-element-eed4f0c elementor-widget elementor-widget-heading\" data-id=\"eed4f0c\" data-element_type=\"widget\" data-widget_type=\"heading.default\">\n\t\t\t\t<div class=\"elementor-widget-container\">\n\t\t\t<h2 class=\"elementor-heading-title elementor-size-default\">Documents<\/h2>\t\t<\/div>\n\t\t\t\t<\/div>\n\t\t\t\t<div class=\"elementor-element elementor-element-1e7b192 elementor-widget elementor-widget-text-editor\" data-id=\"1e7b192\" data-element_type=\"widget\" data-widget_type=\"text-editor.default\">\n\t\t\t\t<div class=\"elementor-widget-container\">\n\t\t\t\t\t\t\t\t<div class=\"elementor-text-editor elementor-clearfix\">\n\t\t\t\t<ul><li><a href=\"https:\/\/mairie-curienne.fr\/wp-content\/uploads\/2020\/07\/reglement_periscolaire_cantine_2023.pdf\">T\u00e9l\u00e9charger le r\u00e8glement, tarifs et horaires<\/a><\/li><\/ul>\t\t\t\t\t<\/div>\n\t\t\t\t\t\t<\/div>\n\t\t\t\t<\/div>\n\t\t\t\t\t\t<\/div>\n\t\t\t\t\t<\/div>\n\t\t<\/div>\n\t\t\t\t\t\t\t\t<\/div>\n\t\t\t\t\t<\/div>\n\t\t<\/section>\n\t\t\t\t\t\t\t\t\t<\/div>\n\t\t\t<\/div>\n\t\t\t\t\t<\/div>\n\t\t","protected":false},"excerpt":{"rendered":"<p>La cantine scolaire est situ\u00e9e dans le b\u00e2timent accol\u00e9 \u00e0 l&rsquo;auberge et la garderie p\u00e9riscolaire est situ\u00e9e dans le b\u00e2timent p\u00e9riscolaire accol\u00e9 \u00e0 la cour de l\u2019\u00e9cole \u00e9l\u00e9mentaire. La cantine scolaire fonctionne : Les lundis, mardis, jeudis et vendredi de 12h00 \u00e0 13h30. La garderie p\u00e9riscolaire fonctionne : Du lundi au vendredi \u00e0 partir de [&hellip;]<\/p>\n","protected":false},"author":2,"featured_media":0,"parent":0,"menu_order":0,"comment_status":"closed","ping_status":"closed","template":"","meta":[],"_links":{"self":[{"href":"https:\/\/mairie-curienne.fr\/index.php\/wp-json\/wp\/v2\/pages\/3552"}],"collection":[{"href":"https:\/\/mairie-curienne.fr\/index.php\/wp-json\/wp\/v2\/pages"}],"about":[{"href":"https:\/\/mairie-curienne.fr\/index.php\/wp-json\/wp\/v2\/types\/page"}],"author":[{"embeddable":true,"href":"https:\/\/mairie-curienne.fr\/index.php\/wp-json\/wp\/v2\/users\/2"}],"replies":[{"embeddable":true,"href":"https:\/\/mairie-curienne.fr\/index.php\/wp-json\/wp\/v2\/comments?post=3552"}],"version-history":[{"count":246,"href":"https:\/\/mairie-curienne.fr\/index.php\/wp-json\/wp\/v2\/pages\/3552\/revisions"}],"predecessor-version":[{"id":8429,"href":"https:\/\/mairie-curienne.fr\/index.php\/wp-json\/wp\/v2\/pages\/3552\/revisions\/8429"}],"wp:attachment":[{"href":"https:\/\/mairie-curienne.fr\/index.php\/wp-json\/wp\/v2\/media?parent=3552"}],"curies":[{"name":"wp","href":"https:\/\/api.w.org\/{rel}","templated":true}]}}